
Convert f702 (base 16) to base 14.
1908a
-2c3 (base 16) to base 6
-3135
Convert 11011000000101 (base 2) to base 4.
3120011
Convert -423 (base 6) to base 10.
-159
Convert -459 (base 14) to base 16.
-35f
What is -412 (base 8) in base 12?
-1a2
Convert -101 (base 2) to base 10.
-5
-154 (base 9) to base 13
-a0
What is 1461 (base 7) in base 3?
210120
Convert -39fb (base 16) to base 9.
-22322
What is 222121 (base 3) in base 12?
4ba
-211 (base 8) to base 10
-137
Convert -120 (base 16) to base 10.
-288
Convert -c6a8 (base 13) to base 12.
-13b10
Convert -112 (base 3) to base 4.
-32
What is -111055 (base 6) in base 4?
-2101223
Convert -323 (base 10) to base 3.
-102222
2035 (base 14) to base 2
1010110011111
-319 (base 12) to base 6
-2033
What is 93c5 (base 13) in base 2?
100111111011001
1133 (base 4) to base 9
115
What is 8b0 (base 15) in base 4?
132231
-428 (base 15) to base 10
-938
What is 135 (base 10) in base 4?
2013
What is 20001 (base 3) in base 7?
322
-554 (base 14) to base 9
-1401
What is -5c8 (base 14) in base 15?
-521
-2013 (base 5) to base 4
-10002
Convert -265 (base 8) to base 7.
-346
-1102414 (base 5) to base 6
-224245
Convert -53861 (base 11) to base 3.
-10222022112
Convert -2331 (base 4) to base 10.
-189
What is 100100011100 (base 2) in base 8?
4434
Convert 8b19 (base 13) to base 2.
100110000000001
What is -1002102122 (base 3) in base 7?
-116360
Convert -1ab9a (base 12) to base 15.
-bb7d
44251 (base 9) to base 7
151423
Convert -1706 (base 8) to base 9.
-1283
-39c (base 13) to base 16
-27c
Convert -241 (base 10) to base 16.
-f1
Convert -1000100000011110 (base 2) to base 4.
-20200132
Convert 16175 (base 10) to base 12.
943b
What is 39d (base 14) in base 9?
887
30 (base 7) to base 4
111
What is -2210222020 (base 3) in base 14?
-1627d
Convert 6879 (base 10) to base 14.
2715
What is -30033 (base 8) in base 14?
-46b9
What is 401 (base 6) in base 10?
145
Convert -5800 (base 9) to base 14.
-17c9
What is -728 (base 13) in base 14?
-62d
-267 (base 10) to base 11
-223
Convert 2021212 (base 3) to base 16.
686
Convert 7064 (base 10) to base 7.
26411
24302 (base 5) to base 8
3443
What is 19210 (base 10) in base 7?
110002
What is -1094 (base 13) in base 6?
-14422
Convert -e49 (base 16) to base 13.
-1884
What is 35a (base 13) in base 2?
1001000110
What is -10001010001110 (base 2) in base 16?
-228e
-10111121 (base 3) to base 14
-d06
a25 (base 11) to base 3
1200211
Convert 1000010100010 (base 2) to base 4.
1002202
2043303 (base 5) to base 11
23774
Convert -211002 (base 3) to base 10.
-596
Convert -1011001022 (base 3) to base 12.
-11122
What is -1206 (base 13) in base 11?
-1a00
Convert 302322 (base 4) to base 7.
12333
4c6 (base 15) to base 11
8a8
e054 (base 15) to base 11
32617
Convert -4bc3 (base 16) to base 6.
-225443
What is -100100010011001 (base 2) in base 13?
-85c8
What is 3222 (base 7) in base 13?
69c
What is 465 (base 16) in base 7?
3165
46584 (base 9) to base 12
15bb7
What is 312020 (base 5) in base 3?
112002000
-1221331 (base 4) to base 13
-3118
716b (base 12) to base 15
39b8
-757 (base 13) to base 3
-1201111
Convert -122142 (base 7) to base 16.
-5766
11223 (base 5) to base 9
1103
-1666 (base 11) to base 4
-201101
Convert -3244 (base 5) to base 14.
-241
Convert 35240 (base 6) to base 9.
6846
d767 (base 16) to base 10
55143
12a34 (base 14) to base 10
45910
Convert -67 (base 10) to base 11.
-61
-551 (base 7) to base 9
-342
What is 47319 (base 10) in base 15?
e049
What is -441 (base 8) in base 4?
-10201
Convert 118730 (base 9) to base 4.
101211210
What is -1101001000011 (base 2) in base 15?
-1ed3
What is 1122101022 (base 3) in base 5?
2013404
-1815 (base 14) to base 11
-3288
Convert -42311 (base 7) to base 11.
-7936
What is 11454 (base 6) in base 14?
88a
What is 10100011101 (base 2) in base 4?
110131
-227 (base 13) to base 12
-26b
Convert 30122 (base 4) to base 3.
1002102
-241011 (base 5) to base 6
-105041
-120221 (base 3) to base 5
-3210
Convert -10001 (base 3) to base 12.
-6a
-58 (base 14) to base 11
-71
What is 1246 (base 7) in base 12?
337
260 (base 10) to base 5
2020
What is 1643 (base 10) in base 8?
3153
What is 1b7a (base 15) in base 10?
5965
What is -1011222 (base 3) in base 4?
-31133
4534 (base 7) to base 8
3152
What is 21142 (base 6) in base 11?
217a
What is 210202 (base 3) in base 7?
1466
Convert 222201 (base 3) to base 16.
2d1
What is -494 (base 14) in base 15?
-40e
Convert 46a (base 13) to base 9.
1038
-1425 (base 9) to base 8
-2064
3807 (base 11) to base 9
6730
31260 (base 9) to base 8
50224
17611 (base 8) to base 12
4809
583 (base 9) to base 5
3410
What is -1000120111 (base 3) in base 15?
-5e51
What is -1212112201 (base 3) in base 15?
-adb7
Convert 858a (base 12) to base 9.
22077
-37e (base 15) to base 2
-1100011010
11b (base 12) to base 2
10100111
Convert 3a6a (base 11) to base 2.
1010010011111
Convert 224122 (base 5) to base 16.
1f65
-21340 (base 6) to base 9
-4026
Convert -1aa88 (base 12) to base 10.
-39560
-10b (base 12) to base 13
-bc
What is -11555 (base 6) in base 7?
-5015
Convert -1654 (base 15) to base 11.
-3678
Convert dee5 (base 16) to base 2.
1101111011100101
Convert 10022121 (base 3) to base 11.
18aa
Convert -233312 (base 5) to base 6.
-103422
Convert 32130 (base 7) to base 4.
1330113
-10110021 (base 3) to base 8
-4726
-11111101001 (base 2) to base 5
-31100
What is -22121201 (base 3) in base 5?
-200113
-1256 (base 7) to base 13
-2b1
2405 (base 11) to base 15
e01
What is -33430 (base 7) in base 4?
-2010001
What is 4b93 (base 12) in base 7?
34044
-225 (base 14) to base 5
-3200
baa (base 16) to base 10
2986
-372 (base 14) to base 12
-494
Convert -211111201 (base 3) to base 8.
-40030
-53014 (base 9) to base 6
-430021
Convert 2524 (base 7) to base 9.
1264
What is 14cac (base 13) in base 14?
1058b
334 (base 12) to base 7
1243
Convert 2223242 (base 5) to base 16.
991d
-6804 (base 9) to base 8
-11642
-489 (base 14) to base 7
-2432
What is -109 (base 11) in base 14?
-94
What is 1d6 (base 14) in base 7?
1056
-258 (base 12) to base 7
-1016
264 (base 15) to base 6
2304
c50 (base 14) to base 15
ab7
Convert 2565 (base 7) to base 10.
978
What is -111010 (base 3) in base 10?
-354
What is 35155 (base 7) in base 8?
21457
917 (base 11) to base 2
10001010011
What is 3a9 (base 15) in base 11?
699
What is 3685 (base 10) in base 15?
115a
What is a59 (base 15) in base 13?
10a7
2012220 (base 3) to base 9
2186
Convert 4a25 (base 12) to base 8.
20275
Convert 111110000010110 (base 2) to base 5.
2004031
What is 7762 (base 10) in base 13?
36c1
Convert 11122122 (base 3) to base 9.
4578
-552 (base 10) to base 5
-4202
80d (base 15) to base 2
11100010101
-10363 (base 9) to base 7
-26001
f5c6 (base 16) to base 7
351302
What is 134 (base 6) in base 13?
46
Convert -1bbf (base 16) to base 4.
-1232333
937 (base 13) to base 14
7dd
What is -745 (base 15) in base 2?
-11001101000
What is 155 (base 16) in base 15?
17b
110011110000 (base 2) to base 16
cf0
-1e0 (base 16) to base 3
-122210
Convert 2 (base 10) to base 6.
2
What is -20202111 (base 3) in base 7?
-20236
What is 80 (base 16) in base 6?
332
What is 1300033 (base 4) in base 15?
21dd
65 (base 15) to base 9
115
What is 332013 (base 6) in base 13?
c786
bed (base 16) to base 12
1925
What is -4130 (base 14) in base 3?
-120101100
-12203221 (base 4) to base 16
-68e9
-7405 (base 8) to base 9
-5242
2430 (base 7) to base 5
12103
What is -3562 (base 7) in base 14?
-6a2
-22030 (base 10) to base 11
-15608
-10022 (base 3) to base 13
-6b
-101000 (base 2) to base 15
-2a
-1352 (base 8) to base 5
-10441
What is 888 (base 12) in base 6?
5452
Convert -5190 (base 12) to base 4.
-2022330
Convert -33120 (base 6) to base 2.
-1000111101000
Convert -144 (base 11) to base 7.
-331
-143032 (base 5) to base 16
-1781
Convert -521 (base 7) to base 16.
-104
What is 101010110110 (base 2) in base 16?
ab6
What is 483 (base 12) in base 2?
1010100011
Convert 9027 (base 10) to base 16.
2343
Convert 10100 (base 3) to base 11.
82
What is -2211 (base 6) in base 9?
-627
Convert 1522 (base 16) to base 14.
1d86
What is 11bb (base 13) in base 6?
15400
What is 2436 (base 14) in base 15?
1d15
Convert 1010000000100000 (base 2) to base 11.
28886
-203576 (base 8) to base 2
-10000011101111110
Convert 7098 (base 10) to base 2.
1101110111010
What is 26026 (b